{"id":2397,"date":"2022-10-04T07:03:23","date_gmt":"2022-10-04T07:03:23","guid":{"rendered":"https:\/\/cevcam.com\/?page_id=2397"},"modified":"2023-05-12T09:16:29","modified_gmt":"2023-05-12T09:16:29","slug":"ies-clot-del-moro","status":"publish","type":"page","link":"https:\/\/cevcam.com\/?page_id=2397","title":{"rendered":"IES CLOT DEL MORO"},"content":{"rendered":"\n<p>El Clot del Moro \u00e9s l\u2019institut de Sagunt en qu\u00e8 s\u2019imparteix ESO i Batxillerat di\u00fcrn i nocturn, a m\u00e9s de programes espec\u00edfics com l\u2019FPB. \u00c9s un institut gran i nombr\u00f3s, per\u00f2 arrelat al medi i amb una consigna clara: \u201ctot el m\u00f3n ha de poder trobar el seu cam\u00ed al Clot\u201d. Compta amb nombrosos projectes innovadors, els quals parteixen de la voluntat de grups de professorat interessats en fer del centre un lloc millor: \u201cEl pati que somiem\u201d, amb activitats diverses a l\u2019hora del pati com tallers de teixir, xarrades de sexualitat, jocs esportius o clubs de lectura; projectes Erasmus a trav\u00e9s dels quals s\u2019est\u00e0 en contacte continu amb altres cultures; concerts a la grada per tal de fomentar la m\u00fasica en valenci\u00e0, que ha comptat amb participaci\u00f3 de grups com La f\u00famiga, Tesa, Aspencat, El diluvi, o Al Tall entre molts altres; un programa espec\u00edfic amb aula de conviv\u00e8ncia\u2026 Per\u00f2 avui estem ac\u00ed per presentar un projecte interdisciplinar que busca potenciar la conviv\u00e8ncia i el feminisme al centre des de ja fa un parell de cursos , i que inclou moltes activitats i projectes que a continuaci\u00f3 us presentaran: Coeducacentres.<\/p>\n\n\n\n<div class=\"wp-block-file\"><object class=\"wp-block-file__embed\" data=\"http:\/\/cevcam.com\/wp-content\/uploads\/2022\/10\/COEDUCANT-AL-CLOT_Esc-Val_juliol22.pdf\" type=\"application\/pdf\" style=\"width:100%;height:600px\" aria-label=\"Incrustaci\u00f3 del fitxer COEDUCANT AL CLOT_Esc Val_juliol22.\"><\/object><a id=\"wp-block-file--media-4ece8595-8bd4-41d6-8b33-f1b9e514111f\" href=\"http:\/\/cevcam.com\/wp-content\/uploads\/2022\/10\/COEDUCANT-AL-CLOT_Esc-Val_juliol22.pdf\" target=\"_blank\" rel=\"noreferrer noopener\">COEDUCANT AL CLOT_Esc Val_juliol22<\/a><a href=\"http:\/\/cevcam.com\/wp-content\/uploads\/2022\/10\/COEDUCANT-AL-CLOT_Esc-Val_juliol22.pdf\" class=\"wp-block-file__button\" download aria-describedby=\"wp-block-file--media-4ece8595-8bd4-41d6-8b33-f1b9e514111f\">Baixa<\/a><\/div>\n\n\n\n<div class=\"wp-container-69d29692c1473 wp-block-buttons\">\n<div class=\"wp-block-button\"><a class=\"wp-block-button__link has-vivid-red-background-color has-background\" href=\"https:\/\/cevcam.com\/?page_id=2298\">Compartim exper\u00e8ncies<\/a><\/div>\n\n\n\n<div class=\"wp-block-button\"><a class=\"wp-block-button__link has-vivid-red-background-color has-background\" href=\"https:\/\/cevcam.com\/?page_id=2411\">Seg\u00fcent<\/a><\/div>\n\n\n\n<div class=\"wp-block-button\"><a class=\"wp-block-button__link has-vivid-red-background-color has-background\" href=\"https:\/\/cevcam.com\/?page_id=2381\">Anterior<\/a><\/div>\n<\/div>\n","protected":false},"excerpt":{"rendered":"<p>El Clot del Moro \u00e9s l\u2019institut de Sagunt en qu\u00e8 s\u2019imparteix ESO i Batxillerat di\u00fcrn i nocturn, a m\u00e9s de programes espec\u00edfics com <\/p>\n","protected":false},"author":1,"featured_media":2401,"parent":0,"menu_order":0,"comment_status":"closed","ping_status":"closed","template":"","meta":{"_editorskit_title_hidden":true,"_editorskit_reading_time":1,"_editorskit_typography_data":[],"_editorskit_blocks_typography":"","_editorskit_is_block_options_detached":false,"_editorskit_block_options_position":"{}"},"_links":{"self":[{"href":"https:\/\/cevcam.com\/index.php?rest_route=\/wp\/v2\/pages\/2397"}],"collection":[{"href":"https:\/\/cevcam.com\/index.php?rest_route=\/wp\/v2\/pages"}],"about":[{"href":"https:\/\/cevcam.com\/index.php?rest_route=\/wp\/v2\/types\/page"}],"author":[{"embeddable":true,"href":"https:\/\/cevcam.com\/index.php?rest_route=\/wp\/v2\/users\/1"}],"replies":[{"embeddable":true,"href":"https:\/\/cevcam.com\/index.php?rest_route=%2Fwp%2Fv2%2Fcomments&post=2397"}],"version-history":[{"count":7,"href":"https:\/\/cevcam.com\/index.php?rest_route=\/wp\/v2\/pages\/2397\/revisions"}],"predecessor-version":[{"id":2681,"href":"https:\/\/cevcam.com\/index.php?rest_route=\/wp\/v2\/pages\/2397\/revisions\/2681"}],"wp:featuredmedia":[{"embeddable":true,"href":"https:\/\/cevcam.com\/index.php?rest_route=\/wp\/v2\/media\/2401"}],"wp:attachment":[{"href":"https:\/\/cevcam.com\/index.php?rest_route=%2Fwp%2Fv2%2Fmedia&parent=2397"}],"curies":[{"name":"wp","href":"https:\/\/api.w.org\/{rel}","templated":true}]}}