{"id":2381,"date":"2022-10-04T06:31:29","date_gmt":"2022-10-04T06:31:29","guid":{"rendered":"https:\/\/cevcam.com\/?page_id=2381"},"modified":"2023-05-12T09:32:23","modified_gmt":"2023-05-12T09:32:23","slug":"cra-benavites-quart-de-les-valls","status":"publish","type":"page","link":"https:\/\/cevcam.com\/?page_id=2381","title":{"rendered":"CRA BENAVITES QUART DE LES VALLS"},"content":{"rendered":"\n<p>El CRA Benavites-Quart ha esdevingut un model d\u2019escola inclusiva. Inclusi\u00f3, que amb la resta dels trets d\u2019identitat del centre: escola democr\u00e0tica, participativa, dial\u00f2gica, en valenci\u00e0, respectuosa, arrelada al territori, preocupada per la inf\u00e0ncia, investigadora i activa, converteixen estos dos aularis en una escola en constant transformaci\u00f3. Una escola viva on l\u2019alumar creix junt a les fam\u00edlies , per aix\u00f2 encetaren el projecte Som m\u00e9s que un CRA, un projecte on tota la comunitat educativa est\u00e0 implicada. Organitzen activitats multinivell on tant fam\u00edlies, com mestres i col\u00b7laboradors participen dels projectes. Estan sempre en costat transformaci\u00f3 , una escola en valenci\u00e0 que lluita dia a dia per aconseguir el millor del seu alumnat.<\/p>\n\n\n\n<div class=\"wp-block-file\"><object class=\"wp-block-file__embed\" data=\"http:\/\/cevcam.com\/wp-content\/uploads\/2022\/10\/CAMINEM-CAP-A-LA-INCLUSIO.pdf\" type=\"application\/pdf\" style=\"width:100%;height:600px\" aria-label=\"Incrustaci\u00f3 del fitxer CAMINEM CAP A LA INCLUSIO.\"><\/object><a id=\"wp-block-file--media-5210c578-bc80-4a4e-9dbb-b6e7f9bb1a77\" href=\"http:\/\/cevcam.com\/wp-content\/uploads\/2022\/10\/CAMINEM-CAP-A-LA-INCLUSIO.pdf\" target=\"_blank\" rel=\"noreferrer noopener\">CAMINEM CAP A LA INCLUSIO<\/a><a href=\"http:\/\/cevcam.com\/wp-content\/uploads\/2022\/10\/CAMINEM-CAP-A-LA-INCLUSIO.pdf\" class=\"wp-block-file__button\" download aria-describedby=\"wp-block-file--media-5210c578-bc80-4a4e-9dbb-b6e7f9bb1a77\">Baixa<\/a><\/div>\n\n\n\n<div class=\"wp-container-69d26ce3d96e9 wp-block-buttons\">\n<div class=\"wp-block-button\"><a class=\"wp-block-button__link has-vivid-red-background-color has-background\" href=\"https:\/\/cevcam.com\/?page_id=2298\">Compartim exper\u00e8ncies<\/a><\/div>\n\n\n\n<div class=\"wp-block-button\"><a class=\"wp-block-button__link has-vivid-red-background-color has-background\" href=\"https:\/\/cevcam.com\/?page_id=2397\">Seg\u00fcent<\/a><\/div>\n\n\n\n<div class=\"wp-block-button\"><a class=\"wp-block-button__link has-vivid-red-background-color has-background\" href=\"https:\/\/cevcam.com\/?page_id=2369\">Anterior<\/a><\/div>\n<\/div>\n","protected":false},"excerpt":{"rendered":"<p>El CRA Benavites-Quart ha esdevingut un model d\u2019escola inclusiva. Inclusi\u00f3, que amb la resta dels trets d\u2019identitat del centre: escola democr\u00e0tica, participativa, dial\u00f2gica, <\/p>\n","protected":false},"author":1,"featured_media":2393,"parent":0,"menu_order":0,"comment_status":"closed","ping_status":"closed","template":"","meta":{"_editorskit_title_hidden":true,"_editorskit_reading_time":1,"_editorskit_typography_data":[],"_editorskit_blocks_typography":"","_editorskit_is_block_options_detached":false,"_editorskit_block_options_position":"{}"},"_links":{"self":[{"href":"https:\/\/cevcam.com\/index.php?rest_route=\/wp\/v2\/pages\/2381"}],"collection":[{"href":"https:\/\/cevcam.com\/index.php?rest_route=\/wp\/v2\/pages"}],"about":[{"href":"https:\/\/cevcam.com\/index.php?rest_route=\/wp\/v2\/types\/page"}],"author":[{"embeddable":true,"href":"https:\/\/cevcam.com\/index.php?rest_route=\/wp\/v2\/users\/1"}],"replies":[{"embeddable":true,"href":"https:\/\/cevcam.com\/index.php?rest_route=%2Fwp%2Fv2%2Fcomments&post=2381"}],"version-history":[{"count":8,"href":"https:\/\/cevcam.com\/index.php?rest_route=\/wp\/v2\/pages\/2381\/revisions"}],"predecessor-version":[{"id":2688,"href":"https:\/\/cevcam.com\/index.php?rest_route=\/wp\/v2\/pages\/2381\/revisions\/2688"}],"wp:featuredmedia":[{"embeddable":true,"href":"https:\/\/cevcam.com\/index.php?rest_route=\/wp\/v2\/media\/2393"}],"wp:attachment":[{"href":"https:\/\/cevcam.com\/index.php?rest_route=%2Fwp%2Fv2%2Fmedia&parent=2381"}],"curies":[{"name":"wp","href":"https:\/\/api.w.org\/{rel}","templated":true}]}}